t common divisor of 10 and u?
10
Let m be ((-6)/(-6))/(2/78). Let q be (-6)/39 + 357/m. Suppose -2*x - x = -q. Calculate the greatest common divisor of x and 21.
3
Suppose 3*h = 4*u - 641 - 81, 3*u - 542 = 2*h. Calculate the greatest common factor of 26 and u.
26
Let t be 13/((-3)/(-1 - -4)). Let j = 26 + t. Calculate the highest common divisor of 117 and j.
13
Suppose -2*t = 5*o - t - 26, -3*o + 13 = -2*t. Suppose -5*p - 425 = -o*d, 0 = 3*d + d + 2*p - 352. What is the greatest common divisor of 58 and d?
29
Suppose -11 = -z + 4. Let x be 0/(0 + 2/(-1)). Suppose x = -5*p + 36 - 6. What is the greatest common factor of z and p?
3
Suppose h = 2*i + 2*i - 35, 5*h = -i - 7. What is the highest common factor of i and 88?
8
Let a be ((-6)/5)/((-3)/40). Let k be (-1 - -220) + (-4)/(-2). Suppose -163 - k = -3*t. What is the greatest common factor of a and t?
16
Let m(d) = d**2 - d. Suppose n - 2*g = 3*g, -3*n + g = -14. Suppose -30 = -n*b - 0. Let r be m(b). What is the highest common factor of r and 12?
6
Let a(b) = -b. Let z be a(-5). Suppose 5*g = -4*r + 25, 5*g + z = 2*r - 0. Calculate the highest common factor of 11 and g.
1
Let p = 4 + -4. Suppose -3*o + 3*r + 129 = p, 0 = -o - 2*r + 6*r + 28. Suppose 4*k - 13 - o = u, -u + 3 = 0. What is the highest common factor of 112 and k?
16
Let w(l) = 0 + 14 + 4*l - 3*l. Suppose 46 - 3 = -3*y - 5*r, -3*r = -5*y - 15. Let m be w(y). Calculate the greatest common factor of m and 20.
4
Let b(h) = h**2 + 7*h - 1. Let f be b(-7). Let a(n) = 9*n**2 - n. Let i be a(f). Calculate the highest common factor of 110 and i.
10
Suppose -5 + 17 = -4*u. Let r be 3/(0 - u/15). What is the greatest common factor of r and 10?
5
Let k be 6/3*1/2. Let g be ((-18)/27)/(k/(-9)). What is the highest common divisor of g and 2?
2
Let r be -15*(2/(-6) + 0). Calculate the highest common divisor of 2 and r.
1
Let x be (-30)/(-4) - 2/4. Let b be 118/6 - 6/9. Suppose -q + 68 = b. What is the highest common divisor of q and x?
7
Let w(d) = d**2 + d + 1. Let j(g) = -2*g**2 + 2*g - 1. Let r(c) = j(c) + 3*w(c). Let z be r(-5). Calculate the highest common factor of z and 12.
2
Let m(x) = 4*x**2 - 2*x - 5. Let h be m(-2). Calculate the greatest common factor of h and 3.
3
Let h(y) = 2*y**2 - 4*y - 2. Let x be h(5). What is the greatest common factor of 4 and x?
4
Let u(i) = 73*i + 220. Let p be u(-3). Let d be (-1)/((2/1)/(-2)). What is the highest common factor of p and d?
1
Let n(h) = 6*h + 4*h + 7 + h**3 + 6*h**2 - 11*h. Let u be n(-6). Calculate the greatest common divisor of u and 26.
13
Suppose 2*w - w + 9 = -4*c, -5*c = w + 13. Suppose 11*j - w*j = 28. Calculate the greatest common divisor of 63 and j.
7
Let s(o) = 3*o**2 + o - 1. Let l be s(1). Suppose l*f - 7*f = -3*n + 11, -f = -4*n + 19. What is the greatest common factor of f and 2?
1
Suppose u = 2*a - 127, a - 5*u + 340 = 6*a. Calculate the greatest common divisor of a and 455.
65
Let w(c) = -6*c**3 - 4*c - 2. Let i be w(-4). Suppose k + 3*y = 103, -y - y - i = -4*k. What is the highest common factor of k and 40?
20
Let b = -10 + 14. Suppose -f = 4*q - 3*f - 58, -53 = -b*q + f. Let c = q - -33. Calculate the greatest common divisor of 9 and c.
9
Suppose 3*d - f - 758 = -159, -4*f - 20 = 0. What is the greatest common factor of d and 22?
22
Suppose 2*f - 5*z + 7 = -2*f, f = -z + 5. What is the highest common divisor of 8 and f?
2
Suppose -2*q + 2*k + 28 = 0, -k + 6*k = 15. Suppose 0 = 4*x + 2*o - 36, 3*o + 19 = 3*x - q. Let a = x + -2. What is the highest common factor of a and 2?
2
Suppose 0 = -5*h + 5*c + 5 + 35, c = -5*h + 22. Suppose -2*o + 4*b + 32 = 10, 11 = 4*o + 3*b. Calculate the highest common divisor of o and h.
5
Let i(t) be the first derivative of -5*t**2/2 + 2*t - 2. Suppose -4*l = 16 - 0. Let g be i(l). What is the greatest common divisor of g and 22?
22
Let g(x) = x**2 + 19. Let q be 0*(2 - 1)/(-3). Suppose q*b + 3*b = 0. Let m be g(b). What is the highest common divisor of 19 and m?
19
Let d(k) = k**2 + 17*k - 6. Let l be d(-17). Let w(s) = -2*s + 1. Let m be w(-1). Let u be ((-1)/2)/(m/l). What is the highest common factor of 3 and u?
1
Let q be (14/(-4))/((-3)/84). Let v = q - 64. What is the highest common divisor of 17 and v?
17
Let p = 18 + -16. Suppose -3*z + 20 = p. What is the highest common divisor of 66 and z?
6
Let s = 89 + -61. Suppose 138 - 12 = 3*f. Calculate the greatest common factor of f and s.
14
Suppose 1 - 41 = -4*r. Let x be 1/(-1) - -3 - -71. Let h = x + -43. What is the greatest common factor of r and h?
10
Let x(c) = -c**2 + 15*c - 28. Let j be x(12). Calculate the highest common factor of j and 4.
4
Let r = 17 + -16. Calculate the greatest common factor of r and 3.
1
Suppose 3*q + 30 = -2*q. Let d = 6 - q. Suppose -5*g + 46 = -44. Calculate the greatest common divisor of g and d.
6
Suppose -q - 12 = -2*q. Let t = -149 + 230. Let x = -57 + t. What is the highest common divisor of q and x?
12
Suppose 0 = 2*j + j - 2*h - 35, 24 = 4*j + 3*h. What is the highest common factor of j and 36?
9
Let a(u) = 2*u**2. Let z be a(-7). Let w be 8 - 3 - ((-8)/(-2) - 13). What is the highest common factor of w and z?
14
Let t = 1 + 1. Suppose 2*q - 3*h = 260, -t*q - 4*h = 2*q - 560. Calculate the highest common factor of 17 and q.
17
Suppose -50 = 2*c - 3*c. Suppose -12*s + 16*s = 100. Calculate the greatest common divisor of c and s.
25
Suppose -7*d + 66 = -4*d - 5*a, 28 = 2*d + 2*a. Calculate the greatest common divisor of 34 and d.
17
Let i = -6 + 110. What is the greatest common factor of 156 and i?
52
Let k(r) = r**3 + 9*r**2 - 4*r + 4. Let m be k(-9). What is the greatest common factor of 320 and m?
40
Suppose z = -5*g + 51, 0 = 6*z - z - 2*g - 282. What is the greatest common divisor of 8 and z?
8
Let w be (-2)/(-6) + (-10)/(-6). Let g be w + -1*2/2. Let k be (13 - 0)*1 - 2. Calculate the greatest common factor of g and k.
1
Let p = 517 - 319. Calculate the highest common divisor of p and 18.
18
Let b be 1/((1 + 1)/2). Suppose -b + 2 = p. Let i be (p/2 - -1)*2. Calculate the greatest common factor of 24 and i.
3
Let j(z) = z**3 - 5*z**2 - 5*z - 6. Let s be j(6). Suppose -5*q + q + 52 = s. What is the greatest common divisor of 13 and q?
13
Let o be 2/(-8) + (-866)/(-8). Calculate the highest common divisor of o and 12.
12
Let p = -136 - -213. Suppose -i + 5*i - 10 = -2*q, -3*i + 11 = 2*q. Calculate the highest common divisor of q and p.
7
Suppose -s + 2*s = 55. Let z = -1 - -21. Let v be (-27)/(-5) - 8/z. Calculate the highest common factor of s and v.
5
Let r(f) = -f**2 + 10*f - 21. Let z be r(6). What is the greatest common factor of 24 and z?
3
Suppose 4*t + 3*d - 144 = 0, 4*t = d + 58 + 70. What is the highest common divisor of 55 and t?
11
Let v be -4*(45/(-2))/3. Suppose 2*c = 7*c - v. Calculate the greatest common factor of 30 and c.
6
Suppose -u + f = 3*f, -2 = -u - f. Let a be -2*(-2 - 18/u). Calculate the highest common divisor of a and 39.
13
Suppose -2*p - 3*p = -3*t - 449, 4*p = 5*t + 354. Let y(b) = b**2 - 5*b + 7. Let a be y(6). Calculate the greatest common divisor of p and a.
13
Suppose g = -g + 126. Let p be 1 + 24/(2 + 1). What is the highest common divisor of g and p?
9
Let f(p) = 15*p - 1. Let q be f(2). Suppose -r + q = z, 3*z + 89 = 3*r + 4*z. Calculate the greatest common divisor of 75 and r.
15
Let c = -19 - -21. Suppose -c*v - 3*v - 2*f + 57 = 0, -2*v - 4*f = -26. Calculate the greatest common factor of v and 11.
11
Let h = 92 - 70. What is the highest common divisor of h and 176?
22
Let q(z) = 2*z**3 - 4*z**2 + z + 2. Let y be q(2). Let h be -5*1/(10/(-4)). What is the highest common divisor of h and y?
2
Let u = -16 - -26. Suppose 4 = -y + 8. Suppose m = y*m - 120. What is the highest common factor of m and u?
10
Let n = -8 - -11. Suppose -z + n*v - 13 = -2*z, -5*z = 2*v - 78. Calculate the greatest common factor of 24 and z.
8
Let d = 137 + -55. Suppose -3*r = 0, 3*l - 2 - d = r. What is the greatest common factor of 4 and l?
4
Let q = 42 - 26. Calculate the greatest common divisor of q and 40.
8
Suppose -27 = -x - 9. Let r = 46 + -2. Let q = r - x. Calculate the greatest common divisor of q and 65.
13
Suppose 0 = -0*j - 2*j - 6. Let g = j + 5. Suppose -54 - 126 = -g*y. Calculate the greatest common divisor of 18 